 - 7*q - 14*q. Let n(f) = 11*f - 6. Let p(g) = -4*b(g) - 3*n(g). Calculate p(-2).
-16
Let n(z) = 5*z - 2. Let m(x) = -x. Let c(b) = -b**3 + 8*b**2 + 9*b + 1. Let r be c(9). Let u(g) = r*n(g) + 6*m(g). Give u(-7).
5
Let w(s) be the first derivative of s**3/3 + 2*s**2 - 2*s + 4. Calculate w(-5).
3
Suppose -a + 5*a = -16. Let g = 8 + a. Let j(s) = -4*s - 2*s - s**2 + g*s. Give j(-3).
-3
Let l = 15/22 - 2/11. Let q(y) be the first derivative of 1 - 4*y + l*y**2. Determine q(0).
-4
Suppose u + 8 + 11 = f, 2*u - 52 = -4*f. Suppose -2*o = 10, -3*o = -7*q + 3*q + f. Let z(b) = 4*b + q + 2 - 5*b. Determine z(-4).
6
Let f(k) = -2*k**3 - 3*k**2 - 2*k - 3. Let d = 60 + -43. Let z = -19 + d. Determine f(z).
5
Suppose -2*x + 3*x + 2 = 0. Suppose 34 = -5*n - 2*w, 4*n = -4*w + 19 - 51. Let i be 33/n - (-1)/x. Let z(r) = -r - 8. Calculate z(i).
-2
Let g(y) = y**3 + y**2 - 5*y - 2. Suppose 2*d - 3*d = -20. Suppose 0 = -7*a + 2*a + d. Suppose a*m = -6 - 6. Determine g(m).
-5
Let d be 4*(15/12 - 0). Let u(f) be the second derivative of f**4/12 - 2*f**3/3 - 5*f**2/2 - 2*f. What is u(d)?
0
Suppose 0 = -2*g - 2 + 8. Let h(s) = 5 + 4 + s**2 - 2*s**2 + 0*s**2 + s**g + s. Calculate h(0).
9
Let u(t) = -t + 1. Let a be u(-4). Let k(s) = -s**3 + 6*s**2 - 7*s. Let p(c) = c. Let z(v) = k(v) + 2*p(v). What is z(a)?
0
Let d(u) = 3*u**2 + 9*u + 4. Suppose 4 = 3*h - 2. Let n be 1/((h/7)/2). Let b(p) = p**2 + 3*p + 1. Let i(v) = n*b(v) - 2*d(v). Give i(-5).
9
Let i(f) = -f**3 + 2*f**2 + 5*f + 5. Let q(w) = w**3 - w**2 - 5*w - 4. Let o(x) = -2*i(x) - 3*q(x). Suppose -3*j + a - 6*a = -16, -3 = -4*j - 3*a. Give o(j).
5
Let b(u) = -14*u**3 - u**2 - u - 1. Let n be (-10)/6 - (-6)/9. Calculate b(n).
13
Let b(r) = 0 - 4 + 2 + 3*r - 2. Calculate b(-3).
-13
Let o(u) = u**2 + 4*u + 5. Let y(d) = -5*d - 6. Let c = -1 - -4. Let g(s) = c*o(s) + 2*y(s). Give g(-2).
11
Let z(t) = t**2 + 5. Let u(v) = v - 1. Let h(r) = -3*u(r) - z(r). Give h(-4).
-6
Let k(z) = z**3 - 4*z**2 - 6*z - 7. Let y(x) = -x**3 - 2*x**2 + x - 1. Let g be y(-3). What is k(g)?
-12
Let q(a) = 2*a. Suppose 7 = k + 4*b, 0*k = -2*k - 5*b + 5. What is q(k)?
-10
Let j(x) = x**2 - 13*x + 6. Let n be j(12). Let f(h) = -h**2 - 7*h - 4. Let y be f(n). Let u be 0/((-4)/((-4)/y)). Let p(q) = -q**3 - 7. What is p(u)?
-7
Let l(t) = -2*t - 4. Let b(x) = -2*x**3 + x**2 - 3*x + 2. Let p be b(2). Let n = 11 + p. Give l(n).
6
Let n(d) = -4*d**2 - 25*d - 19. Let c(i) = -3*i**2 - 17*i - 13. Let g(y) = -7*c(y) + 5*n(y). Let b be 2*7*(0 - -3). Let j be (-40)/(-7) - (-12)/b. Give g(j).
-4
Let l(c) = -1 - 2 - 5 - c. Let x be l(-9). Let w(d) = 7*d**3 - d**2 + d - 1. Determine w(x).
6
Let w = 3 + -2. Suppose -u - 3*h = -2*h + w, -3*h - 9 = 0. Let k(x) = -5*x + x**2 + u*x + 2*x. Give k(-2).
6
Let r(a) = -a + 2. Let m be r(6). Let l(n) be the second derivative of n**4/12 + n**3/2 + n**2/2 + 5*n + 4. What is l(m)?
5
Suppose -t + 1 = -1. Suppose -2*n - 1 - 21 = t*b, b = 2*n + 10. Let w = n - -4. Let g(l) = l**3 + 4*l**2 + 5*l + 4. Calculate g(w).
-2
Let h(y) = -12*y**3 + 4*y**2 + 2*y + 1. Let u(t) = 23*t**3 - 9*t**2 - 5*t - 3. Let c(j) = -5*h(j) - 2*u(j). Calculate c(1).
13
Let q(k) = -19*k**3 - k**2 - k. Let s be (6/9)/((-4)/6). Give q(s).
19
Let f(u) = u**2 + 42*u + 2 - 44*u - 2*u**2. Determine f(2).
-6
Let g(h) be the second derivative of h**3/6 - h**2 + 19*h. What is g(9)?
7
Let w(t) = 5 + 0 + t - 6. Calculate w(-3).
-4
Let t(h) = 3*h**2 - h**3 + h**2 - 32*h + 31*h + 1. Let z(s) = -s**3 + 6*s**2 + 7*s + 2. Let o be z(7). Give t(o).
7
Let o(y) = -6*y - 4. Let c(s) = 5*s + 3. Let f(b) = 4*c(b) + 3*o(b). Suppose 0 = -4*i + i. Suppose w + 3 + i = 0. Calculate f(w).
-6
Let d be 1 + 2*3/(-6). Suppose 3*n - r + 3 = d, -r = -n + 4*n + 3. Let u be 1 - (-1)/(n/4). Let k(b) = b**2 + 3*b + 2. Determine k(u).
2
Let l = -9 + 3. Let n(r) = 3*r + 7. What is n(l)?
-11
Let o(m) = -m**2 + 3. Let l(n) = n**3 - 9*n**2 - n - 1. Let q be l(9). Let d(s) = -s - 6. Let r be d(q). What is o(r)?
-13
Let x(v) be the first derivative of v**2/2 - 13*v + 23. What is x(9)?
-4
Let y be 4/18 + 94/(-18). Let l = y + 2. Let m(z) = z - 3. Give m(l).
-6
Let b(v) = 8*v**2 + 6*v + 7. Let g(j) = -j**2 - j - 1. Let r(i) = b(i) + 4*g(i). Calculate r(-2).
15
Suppose -2*k + 7*k = 3*g + 2, -10 = 4*g - 3*k. Let p(m) = m**3 + 3*m**2 - 5*m - 5. Determine p(g).
-1
Let c(f) = f**2 - 5*f. Suppose -8*t = -38 - 2. Give c(t).
0
Let h(m) = -m**2 - 4*m + 4. Let y = 8 + -5. Suppose 0*x + y*x + 9 = 0. Let p = x - 2. Give h(p).
-1
Suppose 0 = -2*t - 2*k + 19 + 29, 5*t - 120 = k. Suppose 5*u = -r - t, -4*u + 2 - 6 = -3*r. Let c(f) = f**3 + 5*f**2 + 4*f + 3. Give c(r).
3
Suppose -6 = -4*j + 90. Suppose j = -5*n + n. Let z(k) = k**2 + 6*k + 5. Calculate z(n).
5
Let u(f) = 2*f**3 - 3*f**2 - f + 2. Let s be u(2). Suppose 3 - 1 = a. Let h(z) = -s + z**a - z + 5*z - 2*z - 4*z. What is h(4)?
4
Let s(r) be the second derivative of 4*r - 7/6*r**3 - 1/12*r**4 - 1/2*r**2 + 0. Give s(-6).
5
Let i(p) = p**2 + p - 9. Let m(s) = s + 3*s - 6*s - 7 + s. Let v be m(-7). Calculate i(v).
-9
Let c = 6 + -10. Let x(v) be the first derivative of 2*v**3/3 + 2*v**2 - 4*v + 1. Calculate x(c).
12
Suppose -6 + 16 = -2*w. Let l(z) be the first derivative of z**2/2 + z + 1. Let n(j) = -j - 1. Let b(q) = -4*l(q) - 5*n(q). What is b(w)?
-4
Let b(t) = 0 + t - t - t**3 - 1. Let m be b(1). Let p(z) = z**2 - 3*z - 2. Let j(c) = c**2 - 2*c - 2. Let i(k) = -3*j(k) + 2*p(k). What is i(m)?
-2
Let d be (2/(-4))/((-6)/(-120)). Let v = -5 - d. Let l(w) be the third derivative of -w**4/12 + w**3 + 2*w**2. Give l(v).
-4
Let f(v) = -19*v + 7. Let u(g) = 1. Let k(j) = -f(j) + 6*u(j). Give k(-1).
-20
Let j(m) = m**3 + 5*m**2 + m + 5. Let g(l) = -l**3 - 3*l**2 + 2*l + 2. Let t be g(-4). Let s be 37/(-7) + t/35. Calculate j(s).
0
Let d(x) = x**3 + 5*x**2 + 5*x. Let p(s) = s**2 - 3*s - 2. Let l be p(2). Calculate d(l).
-4
Let m(w) = w**2. Let y be m(-3). Let o(x) = -x**2 + 8*x + 8. Calculate o(y).
-1
Let s(j) = j**3 - 6*j**2 + 2*j - 1. Suppose -2*d = 5*x - 15, 0 = -3*x - 5*d - 7 - 3. What is s(x)?
-16
Let a = 1 + 2. Let s(z) = -z**2 + 2*z + 3. Let j be s(3). Suppose -x = 2*o + 1, j = -0*x - x - a. Let l(i) = 5*i. Give l(o).
5
Let d(o) = -o + 1. Let t(f) = 2*f - 3. Let c(s) = 9*d(s) + 4*t(s). What is c(-6)?
3
Let h(y) = 13*y**2 - 17*y - 23. Let q(g) = 7*g**2 - 9*g - 12. Let k be (-15)/(-6)*22/5. Let s(u) = k*q(u) - 6*h(u). Let i = 9 + -4. Determine s(i).
-4
Let y(l) = -l. Let b(j) = -3*j + 1. Let r(z) = b(z) - 5*y(z). Suppose 2 = 3*v + 4*n, 0 = v - 2*n + 4*n - 2. Let x(c) = c**2 + c. Let i be x(v). What is r(i)?
5
Let l be ((-6)/(-4))/(1/(-2)). Let b(a) = 4*a - a + 1 - 5 + a**2 + 7. Determine b(l).
3
Suppose -b = -5*c + 14, -c - 5*b = 5 + 13. Let t(s) = -2*s**3 - 2*s + 3. What is t(c)?
-17
Let a(h) be the second derivative of h**3/2 - 5*h**2/2 - 3*h. Suppose 4*j = -5*b + 20, 3*j - 2 = 4*b - 18. Calculate a(b).
7
Let v(r) = r + 1. Suppose -3 - 17 = 4*d. Let h be v(d). Let x(s) be the second derivative of s**3/6 + s**2/2 - s. What is x(h)?
-3
Let n be ((-2)/(-6))/((-4)/(-72)). Let l(p) = 3*p - n*p + 8*p. What is l(-1)?
-5
Let q(s) = 3 + s**2 - 3*s + 1 - 1. Calculate q(3).
3
Let b = -44 + 48. Let h(x) = 2*x. Calculate h(b).
8
Let t(u) = 0*u + 2*u**2 - 2*u - 3*u**2. Let y = -43 - -30. Let l = -11 - y. What is t(l)?
-8
Suppose 0 = -s - s + 6. Suppose 0 = 4*f - 2*u, -s*f - 2*u + 2 = 16. Let a(x) = x. Determine a(f).
-2
Let n(f) = -f**3 + 3*f**2 - f. Suppose 2*r - 5*b = -16, -2*b - 8 = 2*r - 5*b. What is n(r)?
2
Let i(q) = -q + 3. Let a(o) = -5*o**2 + 2*o + 1. Suppose 4*m = -0*m - 12, 5*m = -4*c - 19. Let h be a(c). Determine i(h).
9
Let z(a) be the third derivative of -a**5/60 - 5*a**4/24 - a**3/6 + 25*a**2. Determine z(-3).
5
Let h(b) = 0*b**3 + 0*b - 3 - 4*b - b**3 - b**2 - 3*b**2. Give h(-2).
-3
Let q(n) = 0*n + 21 - 2*n - 35 + 15. Determine q(-2).
5
Let i be (-4)/20 + ((-6)/(-10))/3. Let x(b) = b + 9. What is x(i)?
9
Suppose 7 = 5*r + 32. Let d(c) = -c**2 + c. Let s(l) = -l**2. Let o(a) = -d(a) + 2*s(a). Let i(q) = -6*q**2 - 8*q + 5. Let v(t) = r*o(t) + i(t). What is v(-5)?
-5
Let c(n) = 4*n**3 + n. Suppose -4*r - 8 = -4*t, 0 = -2*t - 0*r - 2*r + 8. Suppose 3 = -t*d - 2*l - 4, 5*d + 2*l + 13 = 0. Let p = d - -4. Give c(p).
5
Let a(x) = 12*x**2. Let s = 61 + 